e 16, what is -6 - -f0da?
f0d4
In base 15, what is -8 - 880e?
-8817
In base 5, what is -10433 - -2132?
-3301
In base 15, what is -4 + -1a80c?
-1a811
In base 4, what is -10 - -21200323?
21200313
In base 8, what is 7526 + 1?
7527
In base 9, what is -360656 - 1?
-360657
In base 11, what is 107064 - 5?
10705a
In base 5, what is 31134 + -1214?
24420
In base 7, what is -3 - -15252461?
15252455
In base 10, what is -56 + -252?
-308
In base 3, what is 1201102 + 12001?
1220110
In base 16, what is -34a8 + 5?
-34a3
In base 15, what is -14bc - -8e?
-142d
In base 7, what is -1 + -1011?
-1012
In base 16, what is -78 + 293?
21b
In base 12, what is 10ba0a - 1?
10ba09
In base 9, what is -5 - 4311?
-4316
In base 3, what is 10222200 - -2101120?
20101020
In base 9, what is 20407 - -5?
20413
In base 15, what is 8c - -37?
c4
In base 9, what is 17 + 1147?
1165
In base 11, what is 57 + -39a79?
-39a22
In base 10, what is 1 + -32002?
-32001
In base 13, what is 628c - 4?
6288
In base 3, what is 1001 - 120011022?
-120010021
In base 13, what is 5a - -994?
a21
In base 16, what is 229e + 5?
22a3
In base 9, what is 181 - -38773?
40064
In base 11, what is 16104 + 73?
16177
In base 16, what is 420 + -c?
414
In base 3, what is 0 + -22122?
-22122
In base 15, what is 1b4 - 31?
183
In base 5, what is 221320 + -1?
221314
In base 14, what is 1c4c2 + -4?
1c4bc
In base 12, what is -b26 + -1289?
-21b3
In base 6, what is -1303031 - 32?
-1303103
In base 5, what is -3 + 403242?
403234
In base 4, what is 1112 - 1131023?
-1123311
In base 5, what is 200101440 - 4?
200101431
In base 8, what is 1 + -513147?
-513146
In base 14, what is -19a75 + 0?
-19a75
In base 15, what is 25813 - -4?
25817
In base 11, what is -197774 + -2?
-197776
In base 11, what is 477920 + -2?
477919
In base 9, what is 1 + -6830?
-6828
In base 9, what is -13 - -157234?
157221
In base 4, what is -10110 - 21?
-10131
In base 16, what is -140 + 10?
-130
In base 15, what is 2 + -11eb6?
-11eb4
In base 13, what is -1 + -ac160?
-ac161
In base 2, what is 1011011111 - 10111?
1011001000
In base 9, what is -42 + -1611?
-1653
In base 8, what is -16241 - 4?
-16245
In base 14, what is -164 - -54?
-110
In base 11, what is 6 + -2772a5?
-27729a
In base 12, what is -1055a0 + 4?
-105598
In base 5, what is -1 - 12014013?
-12014014
In base 13, what is -41 - -170?
12c
In base 14, what is -23 + -b13?
-b36
In base 3, what is -100110220 + 122?
-100110021
In base 3, what is -222112110 + 2?
-222112101
In base 2, what is -11011100111000 + 10001110?
-11011010101010
In base 16, what is -1f8ff - -4?
-1f8fb
In base 8, what is 3 - 3511104?
-3511101
In base 10, what is 35516 - 29?
35487
In base 12, what is b753b + 5?
b7544
In base 2, what is -100110101 - -1110000100?
1001001111
In base 9, what is 723022 - -4?
723026
In base 4, what is 3102 + 13222?
22330
In base 2, what is -100 - 11010000100110?
-11010000101010
In base 11, what is -486 + 1790?
1305
In base 15, what is -17b42 + 5?
-17b3c
In base 12, what is 4ab3 - -2?
4ab5
In base 8, what is -30715 - -5?
-30710
In base 3, what is -2010212111 - -22?
-2010212012
In base 2, what is 110000001 + 100000?
110100001
In base 12, what is -78 + -7854?
-7910
In base 13, what is -2c3 + 5?
-2bb
In base 15, what is 526 - -a?
531
In base 13, what is -7 - -a110?
a106
In base 9, what is 487535 + 4?
487540
In base 10, what is -3 - -19849?
19846
In base 13, what is 90c2b + 2?
90c30
In base 8, what is -16 + -1226454?
-1226472
In base 6, what is 453 + 541?
1434
In base 11, what is -39 - -46aa?
4671
In base 11, what is -3 + 41359?
41356
In base 14, what is -1a + -a?
-26
In base 8, what is -64 - -5757?
5673
In base 16, what is 3 + -1c39d?
-1c39a
In base 7, what is -24 - -426?
402
In base 8, what is 4 + 475313?
475317
In base 13, what is -147a8 + c?
-14799
In base 16, what is 3 - 1390?
-138d
In base 2, what is -1110110111011110 - 110?
-1110110111100100
In base 15, what is -3 + 1586?
1583
In base 2, what is -1101010001111011101 - 11?
-1101010001111100000
In base 13, what is 1ac5 - 12c?
1996
In base 2, what is -111111000110 + -10001111?
-1000001010101
In base 6, what is -324220 - -202?
-324014
In base 9, what is -1782 - 35?
-1827
In base 4, what is 2020 - 10102102?
-10100022
In base 16, what is 1d4 + 11?
1e5
In base 8, what is -12060 - -22?
-12036
In base 14, what is 446 - -31?
477
In base 5, what is -3 - -1310?
1302
In base 5, what is -24 - -1321324?
1321300
In base 16, what is ea51 + 5?
ea56
In base 15, what is -7 + -2b23?
-2b2a
In base 8, what is 7663304 - 4?
7663300
In base 7, what is -155 + 22156?
22001
In base 14, what is 5 + -14975?
-14970
In base 11, what is 16 - 392?
-377
In base 6, what is -1050 - 1400?
-2450
In base 15, what is -219 - e14?
-112d
In base 15, what is -208 + 16?
-1e2
In base 15, what is 3 - -121b1?
121b4
In base 7, what is -5 + 1034240?
1034232
In base 13, what is -1 + 20c999?
20c998
In base 3, what is -12 + -202210100101?
-202210100120
In base 16, what is -1 - 573ae?
-573af
In base 15, what is -2 + 7bb8c?
7bb8a
In base 2, what is -1101110110 + 110010?
-1101000100
In base 13, what is 229978 + 4?
22997c
In base 11, what is 1915a - 5?
19155
In base 12, what is -b8 + -9b22?
-a01a
In base 13, what is -b09 + -9?
-b15
In base 12, what is -92090 - 0?
-92090
In base 13, what is -9 + 118b9?
118b0
In base 16, what is f + 104e?
105d
In base 3, what is -10 + -120211211?
-120211221
In base 12, what is -41b - 28?
-447
In base 16, what is -2 + -10bf?
-10c1
In base 12, what is -2 + -335834?
-335836
In base 2, what is 100 + 1111010011001011111?
1111010011001100011
In base 5, what is 4 + 4024112?
4024121
In base 10, what is -4 - 80565?
-80569
In base 6, what is 1511 - -3134?
5045
In base 2, what is 1001110100001 + 100?
1001110100101
In base 3, what is 110120002 - 10?
110112222
In base 15, what is -d + -b57e?
-b58c
In base 14, what is 13 + -32b18?
-32b05
In base 11, what is -3 - 8347?
-834a
In base 12, what is -900578 - -2?
-900576
In base 10, what is 12 + -97111?
-97099
In base 15, what is -2 - -107c?
107a
In base 9, what is -86 - -58524?
58427
In base 2, what is 100000001100001 + 110?
100000001100111
In base 14, what is 4 - -285ba?
285c0
In base 5, what is 2442 - 1203?
1234
In base 3, what is 11 + -112010102122?
-112010102111
In base 3, what is -112 + 201211122?
201211010
In base 5, what is -1032 + -30120?
-31202
In base 15, what is -10 + -725?
-735
In base 15, what is 4 + 3365e?
33663
In base 3, what is -110202212200 + -110?
-110202220010
In base 16, what is -442 - 6?
-448
In base 13, what is -162 + -189?
-31b
In base 7, what is -1002 - -1665?
663
In base 16, what is -657bd + 4?
-657b9
In base 14, what is -428a3 - -1?
-428a2
In base 14, what is -11 - -b8c?
b7b
In base 11, what is 3 - -110373a?
1103742
In base 15, what is -2128 - a?
-2133
In base 13, what is -c80 + 1?
-c7c
In base 5, what is -3414 - 1342?
-10311
In base 12, what is -3 - 2b413?
-2b416
In base 3, what is -10111202 - 1011?
-10112220
In base 16, what is -1fa3 - ee?
-2091
In base 14, what is -3 + 287bb?
287b8
In base 13, what is 73c33 + b?
73c41
In base 13, what is -1b1 - b2a?
-100b
In base 12, what is 975a + 5?
9763
In base 11, what is 11 + -51a?
-509
In base 4, what is 31 + 100331232?
100331323
In base 7, what is -13146 - 4?
-13153
In base 9, what is -68205 + 1?
-68204
In base 2, what is 1001110101101 + -1111101?
1001100110000
In base 12, what is -3 - -106a0b?
106a08
In base 6, what is -41053015 + 4?
-41053011
In base 7, what is -14 + 61606?
61562
In base 16, what is -7c6b - -4f?
-7c1c
In base 7, what is 6 - -2566365?
2566404
In base 4, what is 2200132 - 2?
2200130
In base 8, what is -450 + 2166?
1516
In base 7, what is 1440 - 4506?
-3036
In base 12, what is -4 - -5787?
5783
In base 13, what is 29b + -1393?
-10c5
In base 10, what is -34803 + -63?
-34866
In base 14, what is -1c43 - -100?
-1b43
In base 9, what is -1580 + -328?
-2018
In base 13, what is a - -2c789?
2c796
In base 2, what is 1000100101011 - -1110?
1000100111001
In base 2, what is 11 + -1110001011100010?
-1110001011011111
In base 14, what is 5b4 + -14d?
465
In base 7, what is 4510 + -3?
4504
In base 13, what is bb775 - -9?
bb781
In base 16, what is 9c251 - -4?
9c255
In base 16, what is 2 - 8cff?
-8cfd
In base 10, what is 317 - 88?
229
In base 4, what is -11031 - 12112?
-23203
In base 6, what is 3 -